32?
False
Is 898694437 a multiple of 42?
False
Does 459 divide 411448770?
False
Is 104 a factor of 51185318?
False
Is 545349536 a multiple of 1192?
True
Does 15 divide 7282468?
False
Is 5184482 a multiple of 13?
False
Does 126 divide 939644?
False
Is 81 a factor of 10373184?
True
Is 755137045 a multiple of 95?
True
Does 246 divide 4737960?
True
Is 162752330 a multiple of 151?
True
Does 3 divide 1277055195?
True
Does 3640 divide 749076101?
False
Does 12 divide 22941070?
False
Is 4335839 a multiple of 248?
False
Does 11 divide 2256851239?
False
Does 201 divide 12761913?
False
Does 11 divide 163823459?
False
Does 55 divide 73496885?
True
Does 20 divide 61639777?
False
Does 1868 divide 96946206?
False
Does 12 divide 31933330?
False
Does 29 divide 18345487?
True
Is 1016955 a multiple of 7?
False
Does 29 divide 47949526?
False
Is 6 a factor of 60081586?
False
Is 787 a factor of 1665023283?
False
Does 383 divide 327896887?
False
Does 30 divide 50132103?
False
Does 4011 divide 116799480?
False
Is 32421424 a multiple of 2349?
False
Is 185 a factor of 412049937?
False
Is 3 a factor of 1568529?
True
Is 114 a factor of 1469795388?
True
Does 3 divide 457104699?
True
Is 355454 a multiple of 11?
True
Is 204939248 a multiple of 4?
True
Does 149 divide 641354259?
True
Is 208156402 a multiple of 14?
False
Is 186 a factor of 653869257?
False
Is 535 a factor of 39686915?
False
Does 2721 divide 1395019131?
False
Does 1504 divide 208989824?
True
Is 6306 a factor of 1113116202?
True
Is 620155080 a multiple of 41?
False
Is 6 a factor of 19104883?
False
Is 6594 a factor of 3374123777?
False
Does 6 divide 140418548?
False
Is 4 a factor of 2438658?
False
Is 558876874 a multiple of 1274?
False
Is 73608738 a multiple of 40?
False
Is 30254763 a multiple of 29?
False
Is 488 a factor of 5958939?
False
Is 622 a factor of 491543930?
False
Is 271 a factor of 1571752170?
False
Is 19 a factor of 493314808?
False
Does 285 divide 161998962?
False
Is 2244145306 a multiple of 1994?
True
Is 50020377 a multiple of 11?
True
Is 693 a factor of 11221504?
False
Is 11788332 a multiple of 312?
False
Does 11 divide 15508362?
False
Is 1510910 a multiple of 3?
False
Is 13 a factor of 388861063?
False
Is 21 a factor of 128586969?
True
Is 58 a factor of 44891420?
True
Is 1903820800 a multiple of 581?
True
Is 339933770 a multiple of 399?
False
Is 136 a factor of 484424?
False
Is 1268980713 a multiple of 1783?
True
Does 21 divide 455598591?
True
Is 45 a factor of 113209709?
False
Is 146645880 a multiple of 40?
True
Is 264486227 a multiple of 73?
True
Is 1175 a factor of 58760170?
False
Is 1406822117 a multiple of 78?
False
Is 3997 a factor of 115493315?
True
Is 4 a factor of 368098888?
True
Is 5518 a factor of 780566615?
False
Does 146 divide 7576332?
False
Is 10790521 a multiple of 48?
False
Is 850910661 a multiple of 565?
False
Is 108 a factor of 5365911?
False
Does 114 divide 27486127?
False
Is 426 a factor of 31917624?
True
Is 1626 a factor of 142932380?
False
Is 1771963625 a multiple of 17?
False
Is 759437424 a multiple of 4346?
True
Does 22 divide 4092276694?
True
Is 97 a factor of 2627964934?
True
Does 3 divide 1996581?
True
Is 32 a factor of 2119213272?
False
Does 162 divide 374471100?
True
Is 2000 a factor of 557508470?
False
Is 38394566 a multiple of 34?
False
Is 129015402 a multiple of 6?
True
Does 437 divide 223886025?
True
Does 172 divide 134746348?
True
Is 26577367 a multiple of 19?
False
Is 448063755 a multiple of 2517?
True
Does 653 divide 18835328?
False
Does 3 divide 648565359?
True
Is 768533532 a multiple of 317?
True
Does 1898 divide 119343391?
False
Does 613 divide 6104825929?
True
Does 82 divide 2866645376?
False
Does 103 divide 1264102285?
False
Does 43 divide 37977179?
False
Is 744 a factor of 1022102736?
True
Is 65194051 a multiple of 90?
False
Is 78793556 a multiple of 236?
True
Does 5761 divide 78258937?
False
Is 5 a factor of 536687370?
True
Is 1564139937 a multiple of 93?
True
Does 548 divide 25985567?
False
Is 45992284 a multiple of 26?
True
Is 22406531 a multiple of 29?
True
Is 36606265 a multiple of 817?
False
Is 19452116 a multiple of 654?
False
Is 87 a factor of 44860245?
True
Is 717 a factor of 114856230?
True
Is 38105548 a multiple of 729?
False
Is 5921712 a multiple of 27?
False
Does 1205 divide 1390782080?
True
Does 179 divide 8769655?
False
Is 739262931 a multiple of 284?
False
Is 1590567342 a multiple of 4405?
False
Is 945449248 a multiple of 632?
True
Is 81 a factor of 363416446?
False
Does 82 divide 13278523?
False
Is 32 a factor of 1343148992?
True
Is 48 a factor of 603333700?
False
Is 1140 a factor of 6247929?
False
Does 983 divide 236565839?
False
Is 28392462 a multiple of 9?
True
Does 243 divide 850328?
False
Does 229 divide 48838601?
True
Is 27 a factor of 42367226?
False
Is 2428 a factor of 53651516?
True
Is 40 a factor of 78126932?
False
Is 20069316 a multiple of 12?
True
Is 1315403 a multiple of 3261?
False
Is 387889451 a multiple of 2707?
False
Is 185136308 a multiple of 518?
True
Does 1566 divide 513961681?
False
Does 36 divide 249275402?
False
Is 72 a factor of 24579193?
False
Does 32 divide 16198976?
True
Does 2893 divide 370746629?
True
Is 309772280 a multiple of 2120?
True
Is 493784308 a multiple of 132?
False
Is 64935058 a multiple of 25?
False
Is 347 a factor of 2109098223?
False
Is 18 a factor of 46143357?
False
Is 103078087 a multiple of 114?
False
Does 106 divide 19647395?
False
Is 115849985 a multiple of 289?
True
Is 187 a factor of 40153014?
True
Is 660891105 a multiple of 2565?
False
Does 8 divide 1620944048?
True
Does 3 divide 288424432?
False
Does 61 divide 27950444?
True
Is 162434432 a multiple of 32?
True
Is 21 a factor of 166023249?
True
Does 353 divide 1246752716?
False
Is 450790668 a multiple of 12?
True
Is 106 a factor of 811697236?
False
Does 2 divide 92616025?
False
Is 150 a factor of 67885200?
True
Is 59 a factor of 477220118?
False
Is 76 a factor of 56835840?
True
Is 936757575 a multiple of 325?
True
Does 41 divide 68235152?
True
Is 58 a factor of 159173750?
True
Is 47910244 a multiple of 41?
False
Is 116 a factor of 333760306?
False
Does 9 divide 99689328?
True
Does 247 divide 76273131?
False
Does 220 divide 168189560?
True
Does 42 divide 29174405?
False
Is 936503000 a multiple of 1000?
True
Is 1644100136 a multiple of 1061?
True
Is 98 a factor of 1737040886?
True
Does 7 divide 1168506528?
True
Does 87 divide 637601983?
False
Is 59369447 a multiple of 835?
False
Is 66 a factor of 2875517336?
False
Does 37 divide 2694747?
True
Is 811575 a multiple of 25?
True
Does 633 divide 3741443349?
True
Does 1039 divide 387460153?
False
Is 258430758 a multiple of 4?
False
Is 3 a factor of 415198847?
False
Is 51 a factor of 105450616?
False
Does 32 divide 1207328?
True
Is 290 a factor of 10133470?
True
Is 12 a factor of 51121968?
True
Is 603725190 a multiple of 87?
True
Does 101 divide 208538538?
True
Is 45251250 a multiple of 655?
False
Does 59 divide 1840224?
False
Is 367 a factor of 935348784?
False
Is 539 a factor of 407139579?
True
Is 27642576 a multiple of 1429?
True
Does 2286 divide 1432087560?
True
Is 120083904 a multiple of 36?
True
Is 710511681 a multiple of 1969?
True
Does 14 divide 462595826?
True
Is 7 a factor of 640729657?
False
Is 41 a factor of 15985646?
False
Does 64 divide 686770789?
False
Is 85991040 a multiple of 20?
True
Is 997 a factor of 135042409?
False
Is 7474 a factor of 43288743?
False
Does 2545 divide 1335899833?
False
Is 85 a factor of 48042425?
True
Is 1910416558 a multiple of 7552?
False
Does 3771 divide 218208915?
True
Is 155983104 a multiple of 44?
False
Is 10 a factor of 26553474?
False
Is 4 a factor of 61524537?
False
Is 15 a factor of 7910880?
True
Is 21424665 a multiple of 185?
True
Is 9704739 a multiple of 33?
True
Is 3 a factor of 105208998?
True
Does 9 divide 290531174?
False
Does 2215 divide 241627705?
True
Does 41 divide 57462320?
True
Is 736968 a multiple of 6?
True
Does 559 divide 52085337?
False
Is 321 a factor of 528677049?
True
Does 11 divide 15241970?
False
Does 3571 divide 297214737?
False
Does 5 divide 20728763?
False
Is 2834722180 a multiple of 804?
False
Does 8985 divide 4356954510?
False
Does 81 divide 317815326?
True
Is 538 a factor of 308559418?
False
Does 45 divide 69481501?
F